3*c, -2*c - 1697 = -n*q. What is the units digit of q?
9
Let y = 10487 - 5472. What is the units digit of y?
5
Suppose 3*x - 11553 = -5*m + 6149, 4*m - 3*x = 14167. What is the units digit of m?
1
Let g(z) = -3*z**3 - 32*z**2 + 13*z + 16. Let q be g(-11). What is the units digit of (-30)/(-45) + (-4148)/q?
2
Suppose -9 = -3*y + 3, 51 = -5*g - y. What is the hundreds digit of (-47250)/(-77) + (-4)/g?
6
Let w = -19914 - -56990. What is the hundreds digit of w?
0
Suppose -55 + 11 = 2*d. Let o = -12 - d. Suppose -968 = 2*x - o*x. What is the tens digit of x?
2
What is the tens digit of (-4)/10*-857*(-127 + 137)?
2
Let x = -1230 - -2900. Suppose 68*y - x = 63*y. What is the hundreds digit of y?
3
Suppose -2*s + 7*s = 0. Suppose s = -6*r + 2*r. Suppose 0 = 2*l - 4*w - 6, r = -3*w - 3. What is the units digit of l?
1
Let a = -32439 - -40831. What is the hundreds digit of a?
3
Let s(c) = -5*c**3 + c**2 + 20*c - 23. Suppose -5*i - 11 = 9. Let v(r) = -2*r**3 + 7*r - 8. Let b(t) = i*s(t) + 11*v(t). What is the tens digit of b(-4)?
8
Let a be (6 - 9)*(-1)/2*2. Suppose 2*v + v + 3*i = 924, -2*i = -a*v + 929. What is the tens digit of v?
0
Let p(z) = z**3 + 9*z**2 + 11*z + 7. Let b = -10 - -4. Let x be p(b). Suppose -x = -3*v + 233. What is the tens digit of v?
9
Suppose -3*f + 369 = -3*t, 3*f + 3*t - 471 = -f. Let c = -120 + f. Suppose 5*o - k - 815 = 0, c = o + 5*k - 9*k - 182. What is the tens digit of o?
6
Let s be 1/((-6)/99)*-68. Suppose 0 = -5*y + 12 + 3. Suppose y*o = -8*o + s. What is the units digit of o?
2
Suppose 11*h = 7*h, -2*f + 1852 = -5*h. What is the hundreds digit of f?
9
Let z be 3/(-4*(-7)/28). Let w(v) = 28*v**2 - 14*v + 36. What is the units digit of w(z)?
6
Let j be (-27)/(-6)*20/(-15) + 1. Let i(u) = -72*u + 100. What is the hundreds digit of i(j)?
4
Suppose 160*w + 3*b = 158*w + 35242, -4*w + 5*b + 70506 = 0. What is the hundreds digit of w?
6
Let f be 1/((2 - 0)/(-142)). Let o = f + 74. What is the tens digit of ((-11)/o)/((-4)/144)?
3
Suppose -29*r - 44424 = -3*y - 26*r, y = 4*r + 14802. What is the units digit of y?
0
Let m = 150 + -145. Let f(d) = 24*d - 7. Let x(c) = -24*c + 6. Let l(z) = -3*f(z) - 4*x(z). What is the tens digit of l(m)?
1
Suppose 2*q + w = -2*q + 381, 5 = w. Suppose -10348 + 2120 = -50*z + 2372. Suppose -d - 2*l = -q, 4*l - 2*l + z = 2*d. What is the tens digit of d?
0
Suppose -2*m + 5*a - 16 = 0, m + a = -0*a + 6. Suppose 0*f - m = -f. Suppose 3*z + 203 = 2*u, 4*u = z + f*z + 403. What is the hundreds digit of u?
1
Let r(l) = l**3 - 7*l**2 - 5*l - 22. Let v = -129 + 137. Let x be r(v). What is the tens digit of x + (-1 - 972/(-6))?
6
Let r be (-2)/4 + (-2)/(-4). Suppose -2*b + 2010 = -r*b. Suppose 7*p - b = -172. What is the hundreds digit of p?
1
Let l = -6573 - -6760. What is the units digit of l?
7
Let d = -33779 - -47316. What is the ten thousands digit of d?
1
Let i(p) = 11*p**2 + 1. Let q(h) = -4*h**2 - 39*h + 16. Let k be q(-10). What is the tens digit of i(k)?
9
Suppose 0 = 2*m - 1239 - 1225. Suppose -105*z = -98*z - m. What is the hundreds digit of z?
1
Let s = 6036 + 40782. What is the units digit of s?
8
Let r(j) = -15*j**2 + 0*j**3 - 16*j + 17*j + 9*j**2 - 21 - 3*j**3. What is the hundreds digit of r(-6)?
4
Suppose 44*b - 534933 = -51*b + 32*b. What is the units digit of b?
1
Suppose -11*s = -2*s. Suppose 4*c + 2 - 10 = -2*a, s = -c + 2*a + 2. Suppose j = 1, -c*w - 2*w - j = -457. What is the hundreds digit of w?
1
Let t = 9 - 20. Let k(i) = -13*i**2 + 4 + 5*i + 6*i**2 + 8*i**2. What is the units digit of k(t)?
0
Suppose 4*d + 4*n = 34484, -6772 = 2*d + 5*n - 24008. What is the thousands digit of d?
8
Suppose 35*d - 103*d + 2917336 = 84*d. What is the thousands digit of d?
9
Let b(v) = -v**3 + 17*v**2 - 2*v + 28. Let y be b(14). Let c = y - 337. Suppose 0 = k + 4*k + 2*w - 1247, -2*w = k - c. What is the units digit of k?
9
Let s be 15*(147/98 + (-1)/2). Let k(c) = -c + 1. Let n(j) = j + 28. Let v(d) = -2*k(d) + n(d). What is the tens digit of v(s)?
7
Let w = -13 - -13. Let m(v) = -3*v + 2*v**2 + 4 + w*v**2 - v**2 + 18*v. What is the units digit of m(-15)?
4
Suppose -3*h = -5*i - 25, -3*h + 0*h = 2*i + 10. Suppose h*a - 3*a - 4*d + 787 = 0, 0 = 2*a - d - 532. What is the tens digit of a?
6
Let y(q) = -q + 1. Let r(x) = -x - 21. Let f(t) = -r(t) - 2*y(t). Let p be f(-4). What is the units digit of (6 + 7 + -6)*2/p?
2
Let u be (27/12)/((-3)/12). Let b = -9 - u. Let r(d) = -d**2 + d + 48. What is the tens digit of r(b)?
4
Suppose 2*x = -4*i + 4514, 0 = -3*x + 3. Let j = i - 578. Suppose -5*w + j + 185 = 0. What is the units digit of w?
7
Let p be (-48)/(-42) - (-56157)/(-21). Let v = p + 3786. What is the hundreds digit of v?
1
Suppose 15*h = -1414 + 6109. Let r = -166 + h. What is the hundreds digit of r?
1
Let d(j) = 14*j - 1. Let s be d(9). Suppose w - 2*h + 5*h + 4 = 0, 3*w = -5*h. Suppose 0 = 5*y + 2*c - s, -c + 0*c = w*y - 130. What is the tens digit of y?
2
Let m(j) = 14455*j - 58. What is the thousands digit of m(2)?
8
Let r = 700 - -5065. What is the hundreds digit of r?
7
Let r = 257 + -487. What is the units digit of (r/(-6))/(12/108)?
5
Suppose 93*a - 18 = 99*a. Suppose -4*v + k + 5 = 20, 0 = 4*v - 3*k + 21. What is the units digit of v + (-420)/(a - 1)?
2
Suppose -1980 + 261 = -9*i. Suppose 0 = q - 2*q + i. What is the tens digit of q?
9
Let k = -19756 + 36485. What is the thousands digit of k?
6
Suppose 119406 = 5*j + 5*l - 49554, 2*j - 2*l = 67608. What is the thousands digit of j?
3
Suppose 3*n + 4*i = 543, 3*n = -0*n + 2*i + 543. Let f = n + 510. What is the units digit of f?
1
Suppose -4*v - 4*m = -22060, 0 = -3*m - 30 + 21. What is the units digit of v?
8
Let y = -128 + 126. What is the hundreds digit of ((24/(-8))/6)/(y/608)?
1
Suppose 2*b - 20 = -3*j, 0 = -2*j + 5*j. Suppose m - 1 + 3 = 0, n = 5*m + b. Suppose -6*s = -n*s - 1218. What is the tens digit of s?
0
Suppose 271433 = 5*o - 4*j, -8*o = -16*o + 4*j + 434300. What is the thousands digit of o?
4
Let g = -90 - -93. Let u be (1/g)/(20/(-120)). What is the tens digit of (-256)/6*(-3 - u - 5)?
5
Let l(z) = -1918*z + 5023. What is the ten thousands digit of l(-21)?
4
Suppose -6 = -2*b, -48*b = f - 53*b - 1334. What is the hundreds digit of f?
3
Let b be 230 + (-6 + 6 - -2). What is the units digit of 122467/b + 1/8?
8
Let c(g) = 30*g - 60. Let u(x) = x**2 - 22*x + 124. Let o be u(9). What is the hundreds digit of c(o)?
1
Let q(t) = 3*t**3 - 32*t**2 + 41*t + 65. What is the thousands digit of q(23)?
0
Suppose -2*t + 5*j = -24 + 9, -t + 5*j + 10 = 0. Suppose 4*y - 2*f = 796, 0*y = 5*y - t*f - 985. What is the hundreds digit of y?
2
Let k(b) = -14*b**3 + 5*b**2 + 12*b + 7. Let p be k(-3). Suppose 4*x - 5*r - 788 = 0, -31*x + 29*x = -4*r - p. What is the tens digit of x?
9
Let a be 0 + ((-468169)/(-9) - (-86)/387). Suppose a = 31*r + 17020. What is the thousands digit of r?
1
Let k = 91203 + -38497. What is the units digit of k?
6
Let y(v) = v**2 + v - 15. Let x be y(-3). What is the hundreds digit of (-103740)/(-90) - 12/x?
1
Let g(o) = 3*o - 13. Let i be g(9). Suppose -20 + 36 = 8*n. Suppose 0 = -n*c + m + i - 5, -20 = 4*m. What is the units digit of c?
2
Let p(y) = -11*y - 1. Suppose 0 = -2*a - 8, -a + 20 = 5*f - 16. Suppose -f = 2*s - 0. What is the units digit of p(s)?
3
Let i(v) = v**3 - 74*v**2 + 41*v + 238. What is the units digit of i(74)?
2
Let f(y) = -6*y + 43. Let d be f(6). Suppose 10*c - d*c = 393. What is the hundreds digit of c?
1
Let d be (-30)/(-34) + (-24)/(-204). Suppose o = -4, -48 + d = -p - 3*o. What is the tens digit of p?
5
Let b be 1/((7 - 4)/6). Suppose -5*q + b*r + 1181 = -0*r, 2*q + r = 476. Suppose q + 75 = 5*k + 2*f, -181 = -3*k + 5*f. What is the units digit of k?
2
Suppose -3*q + 39 - 15 = 4*p, -q + 13 = 3*p. Suppose -5*v + 2565 = s, -4*v + 1072 + 991 = p*s. What is the tens digit of v?
1
Let j = 16002 - 12530. What is the thousands digit of j?
3
Suppose -3*q = 3*u + 54, u + 3*u + 3*q + 68 = 0. Let k(n) = 15*n - 20. Let c be k(u). Let i = c - -503. What is the units digit of i?
3
Let n = -227 + 129. What is the hundreds digit of ((-1)/(6/1348))/(n/147)?
3
Let y(h) = h**2 + 13*h - 1. Let p be y(-13). What is the tens digit of p - ((-139)/1 + 1)?
3
Let f(x) = 45*x**3 - 23*x**2 + 218*x - 4. What i